actor of 741?
True
Does 11 divide 616?
True
Does 5 divide 51?
False
Does 9 divide 488?
False
Is 321 a factor of 5658?
False
Is 13299 a multiple of 11?
True
Is 15 a factor of 52755?
True
Does 150 divide 2734?
False
Is 428 a multiple of 25?
False
Is 43 a factor of 1290?
True
Is 20 a factor of 100?
True
Is 612 a multiple of 9?
True
Is 1363 a multiple of 73?
False
Is 210 a multiple of 21?
True
Is 138 a factor of 92460?
True
Does 54 divide 5188?
False
Is 16 a factor of 4236?
False
Does 4 divide 19792?
True
Does 27 divide 85?
False
Does 19 divide 114?
True
Is 258 a multiple of 8?
False
Does 41 divide 9266?
True
Is 21281 a multiple of 11?
False
Is 7 a factor of 105?
True
Is 6940 a multiple of 20?
True
Is 18705 a multiple of 87?
True
Is 966 a multiple of 7?
True
Does 73 divide 2057?
False
Is 51 a factor of 2244?
True
Is 11193 a multiple of 28?
False
Is 9 a factor of 125?
False
Does 13 divide 1651?
True
Does 50 divide 2981?
False
Is 3 a factor of 10419?
True
Is 3812 a multiple of 37?
False
Is 14 a factor of 3533?
False
Is 4370 a multiple of 21?
False
Does 21 divide 6531?
True
Is 14491 a multiple of 25?
False
Is 32 a factor of 427?
False
Is 15 a factor of 2085?
True
Is 16566 a multiple of 66?
True
Does 18 divide 4068?
True
Is 168 a factor of 8568?
True
Is 11 a factor of 32120?
True
Is 12555 a multiple of 45?
True
Is 1716 a multiple of 26?
True
Does 114 divide 7182?
True
Does 20 divide 259?
False
Does 33 divide 32109?
True
Does 16 divide 1024?
True
Is 9501 a multiple of 74?
False
Does 4 divide 12170?
False
Does 27 divide 224?
False
Is 223 a factor of 31666?
True
Is 38 a factor of 8436?
True
Is 75700 a multiple of 10?
True
Is 4 a factor of 454?
False
Does 380 divide 57000?
True
Is 4925 a multiple of 52?
False
Is 2163 a multiple of 3?
True
Does 20 divide 1367?
False
Does 47 divide 442?
False
Is 11 a factor of 132?
True
Does 16 divide 353?
False
Is 163 a multiple of 3?
False
Is 179 a factor of 30538?
False
Is 11 a factor of 239?
False
Does 13 divide 1261?
True
Is 525 a multiple of 25?
True
Does 3 divide 234?
True
Is 8542 a multiple of 14?
False
Is 10449 a multiple of 30?
False
Does 14 divide 39178?
False
Is 1176 a multiple of 24?
True
Is 13 a factor of 309?
False
Is 60 a factor of 95228?
False
Is 10284 a multiple of 15?
False
Does 15 divide 1229?
False
Is 16764 a multiple of 33?
True
Is 76 a factor of 19167?
False
Is 1509 a multiple of 52?
False
Does 14 divide 365?
False
Does 85 divide 4566?
False
Is 3838 a multiple of 38?
True
Does 7 divide 28518?
True
Is 11 a factor of 990?
True
Does 7 divide 143?
False
Is 5 a factor of 60257?
False
Is 9338 a multiple of 29?
True
Does 29 divide 1117?
False
Does 24 divide 2309?
False
Is 115 a factor of 3172?
False
Does 108 divide 11623?
False
Is 2 a factor of 1027?
False
Is 10 a factor of 330?
True
Does 11 divide 139304?
True
Is 2254 a multiple of 98?
True
Does 3 divide 32?
False
Does 14 divide 46522?
True
Is 13836 a multiple of 4?
True
Does 154 divide 4312?
True
Does 35 divide 13831?
False
Is 832 a multiple of 26?
True
Is 22 a factor of 71639?
False
Does 15 divide 9660?
True
Does 14 divide 127260?
True
Is 3608 a multiple of 82?
True
Does 15 divide 165?
True
Does 44 divide 3300?
True
Is 15 a factor of 7020?
True
Does 40 divide 120?
True
Does 64 divide 2816?
True
Does 38 divide 228?
True
Does 137 divide 12193?
True
Is 16 a factor of 4553?
False
Is 28 a factor of 10740?
False
Is 9 a factor of 4320?
True
Is 6 a factor of 1182?
True
Is 390 a multiple of 10?
True
Is 31 a factor of 18321?
True
Is 68 a factor of 68?
True
Is 1211 a multiple of 10?
False
Does 11 divide 6391?
True
Is 2 a factor of 84?
True
Is 207 a multiple of 26?
False
Is 2 a factor of 82?
True
Is 12 a factor of 36204?
True
Is 67 a multiple of 67?
True
Does 13 divide 14508?
True
Does 29 divide 8729?
True
Is 1720 a multiple of 69?
False
Is 3330 a multiple of 111?
True
Is 368 a multiple of 23?
True
Does 6 divide 774?
True
Does 36 divide 2196?
True
Is 552 a multiple of 28?
False
Does 41 divide 3526?
True
Does 37 divide 14800?
True
Does 101 divide 53732?
True
Does 80 divide 8382?
False
Is 15 a factor of 408?
False
Is 3 a factor of 57?
True
Is 14 a factor of 28672?
True
Is 16250 a multiple of 141?
False
Is 3 a factor of 132?
True
Is 3 a factor of 4153?
False
Is 6 a factor of 1884?
True
Is 123 a factor of 15867?
True
Is 889 a multiple of 23?
False
Is 24 a factor of 2232?
True
Is 22 a factor of 24310?
True
Does 20 divide 169?
False
Does 30 divide 25050?
True
Does 49 divide 977?
False
Is 8 a factor of 145?
False
Does 58 divide 2032?
False
Is 13224 a multiple of 41?
False
Is 17 a factor of 119?
True
Is 44 a factor of 35623?
False
Does 23 divide 12305?
True
Is 54 a factor of 1295?
False
Does 19 divide 646?
True
Is 7 a factor of 791?
True
Is 841 a multiple of 4?
False
Is 5900 a multiple of 17?
False
Is 3831 a multiple of 73?
False
Is 6 a factor of 492?
True
Is 9072 a multiple of 144?
True
Is 2178 a multiple of 33?
True
Is 3 a factor of 2286?
True
Does 10 divide 8367?
False
Is 5 a factor of 50?
True
Is 6974 a multiple of 8?
False
Is 65 a factor of 2405?
True
Does 82 divide 4211?
False
Is 6816 a multiple of 71?
True
Is 26678 a multiple of 165?
False
Is 2603 a multiple of 19?
True
Does 49 divide 3871?
True
Does 10 divide 35778?
False
Does 11 divide 3624?
False
Is 13879 a multiple of 24?
False
Is 27 a factor of 23651?
False
Is 552 a multiple of 69?
True
Is 164 a factor of 42804?
True
Is 6 a factor of 6036?
True
Is 48 a multiple of 7?
False
Is 39 a factor of 4839?
False
Is 4269 a multiple of 4?
False
Is 63 a factor of 60858?
True
Is 187 a multiple of 14?
False
Does 10 divide 40075?
False
Is 2542 a multiple of 10?
False
Is 49 a factor of 9596?
False
Is 1028 a multiple of 28?
False
Does 67 divide 536?
True
Is 35243 a multiple of 4?
False
Is 4340 a multiple of 70?
True
Is 2331 a multiple of 30?
False
Does 25 divide 5600?
True
Does 4 divide 15462?
False
Is 720 a multiple of 10?
True
Is 4558 a multiple of 57?
False
Does 8 divide 1499?
False
Does 16 divide 153?
False
Is 2988 a multiple of 18?
True
Is 30245 a multiple of 5?
True
Does 33 divide 16993?
False
Is 67387 a multiple of 51?
False
Does 186 divide 69654?
False
Does 28 divide 903?
False
Does 26 divide 2184?
True
Is 5 a factor of 985?
True
Is 22581 a multiple of 39?
True
Is 4606 a multiple of 29?
False
Does 10 divide 1650?
True
Does 55 divide 7007?
False
Is 2663 a multiple of 12?
False
Does 15 divide 1796?
False
Is 875 a multiple of 7?
True
Does 3 divide 5535?
True
Does 14 divide 1356?
False
Is 5184 a multiple of 64?
True
Is 126 a factor of 3322?
False
Is 311 a factor of 78061?
True
Is 37040 a multiple of 80?
True
Is 2560 a multiple of 128?
True
Is 58 a factor of 56673?
False
Is 125034 a multiple of 21?
True
Is 3731 a multiple of 7?
True
Does 120 divide 958?
False
Is 90 a multiple of 9?
True
Does 26 divide 997?
False
Does 28 divide 37?
False
Does 18 divide 8810?
False
Is 10 a factor of 15?
False
Is 550 a multiple of 55?
True
Is 12496 a multiple of 44?
True
Is 117 a factor of 6519?
False
Is 3321 a multiple of 27?
True
Is 374 a factor of 117634?
False
Is 3090 a multiple of 230?
False
Is 3543 a multiple of 3?
True
Is 11 a factor of 8723?
True
Does 17 divide 14747?
False
Does 34 divide 5032?
True
Is 54 a factor of 21870?
True
Is 60 a multiple of 10?
True
Does 95 divide 25270?
True
Is 9 a factor of 4005?
True
Is 2425 a multiple of 112?
False
Is 12 a multiple of 4?
True
Is 37037 a multiple of 11?
True
Is 4 a factor of 11721?
False
Is 3179 a multiple of 11?
True
Is 79237 a multiple of 409?
False
Is 14 a factor of 8092?
True
Is 336 a multiple of 16?
True
Does 36 divide 675?
False
Is 14 a factor of 32046?
True
Is 86 a factor of 1376?
True
Is 953 a multiple of 51?
False
Is 15 a factor of 1350?
True
Does 14 divide 101010?
True
Is 22406 a multiple of 66?
False
Is 1824 a multiple of 32?
True
Is 9515 a multiple of 6?
False
Is 1121 a multiple of 59?
True
Is 45851 a multiple of 214?
False
Does 14 divide 761?
False
Is 140 a factor of 811?
False
Is 34527 a multiple of 51?
True
Is 4 a factor of 100?
True
Is 943 a multiple of 41?
True
Does 75 divide 7229?
False
Is 32 a factor of 1745?
False
Is 536 a multiple of 8?
True
Is 135 a factor of 729?
False
Is 1204 a multiple of 34?
False
Is 672 a multiple of 48?
True
Is 2241 a multiple of 27?
True
Does 40